Is 14283013 composite?
False
Is 56591041 a prime number?
False
Is 2758771 prime?
True
Is 201990599 a composite number?
False
Is 186079 composite?
True
Is 620273 a composite number?
True
Is 10159894 a composite number?
True
Is 7811159 composite?
True
Is 194080043 prime?
True
Is 5523013 prime?
False
Is 112949029 prime?
True
Is 15886343 prime?
False
Is 73564817 a composite number?
False
Is 4262777 a prime number?
True
Is 30353 a composite number?
True
Is 7167065 composite?
True
Is 13898657 a composite number?
True
Is 4177961 a composite number?
True
Is 3208319 a prime number?
True
Is 1711793 a prime number?
True
Is 1252297 composite?
True
Is 2322919 composite?
True
Is 6526889 composite?
False
Is 42251767 prime?
True
Is 170888587 a composite number?
False
Is 492263 prime?
False
Is 296229601 composite?
True
Is 90268071 composite?
True
Is 34737359 composite?
False
Is 709843 prime?
True
Is 954197 a prime number?
False
Is 1585799 a composite number?
False
Is 172322651 a composite number?
True
Is 14124823 composite?
True
Is 10839467 a composite number?
False
Is 36564701 prime?
True
Is 173349083 a composite number?
True
Is 7620289 a composite number?
False
Is 18226199 composite?
False
Is 1157033 a composite number?
False
Is 28287289 composite?
False
Is 3215293 a prime number?
False
Is 12652751 prime?
True
Is 29193179 a composite number?
True
Is 83442245 a composite number?
True
Is 1159279 a composite number?
True
Is 35625529 composite?
False
Is 312733 composite?
True
Is 4692539 a prime number?
True
Is 72679987 composite?
True
Is 343475941 a composite number?
True
Is 1978237 a prime number?
False
Is 463157 a prime number?
True
Is 5406343 a composite number?
False
Is 208363 prime?
False
Is 704507 prime?
True
Is 460134577 prime?
False
Is 14909 a composite number?
True
Is 119426183 a prime number?
True
Is 98664869 a composite number?
True
Is 9222113 prime?
False
Is 13943401 a composite number?
True
Is 873497 a prime number?
True
Is 259613 a prime number?
False
Is 93951421 a composite number?
True
Is 4257889 prime?
True
Is 56569 a composite number?
False
Is 44779613 a prime number?
True
Is 198701 a prime number?
True
Is 596737 a composite number?
False
Is 680402 prime?
False
Is 475597 a composite number?
False
Is 167208901 prime?
True
Is 47684303 composite?
True
Is 6150707 a composite number?
False
Is 86328461 a prime number?
True
Is 7065719 a composite number?
True
Is 43310791 composite?
True
Is 141097247 a composite number?
True
Is 8324441 a composite number?
True
Is 152157487 prime?
True
Is 3441601 prime?
False
Is 72071213 prime?
False
Is 960605 a composite number?
True
Is 273335 composite?
True
Is 3371521 prime?
False
Is 2612369 composite?
False
Is 417217 a composite number?
False
Is 251626117 a composite number?
True
Is 37275569 a composite number?
True
Is 2056367 a prime number?
False
Is 300751921 composite?
False
Is 34783201 a composite number?
True
Is 34092919 a composite number?
True
Is 17145663 a prime number?
False
Is 16982843 composite?
True
Is 4787521 prime?
False
Is 23289563 a composite number?
True
Is 1758539 a prime number?
True
Is 799417 prime?
True
Is 21319633 a composite number?
False
Is 28535077 a composite number?
False
Is 18722227 a prime number?
False
Is 5576239 prime?
False
Is 9571717 a composite number?
False
Is 15100105 prime?
False
Is 28221961 a composite number?
False
Is 7906133 prime?
False
Is 45900263 a composite number?
False
Is 27788011 composite?
False
Is 240769 a prime number?
True
Is 6510367 a composite number?
False
Is 4291913 a prime number?
False
Is 7171577 composite?
True
Is 167195999 a composite number?
False
Is 251791 a prime number?
True
Is 27824897 prime?
True
Is 179042843 composite?
True
Is 82287329 a composite number?
False
Is 4428793 prime?
False
Is 300571 prime?
False
Is 3318155 a prime number?
False
Is 11783791 prime?
True
Is 109658267 a composite number?
False
Is 153911 prime?
True
Is 674903 composite?
False
Is 5773619 a composite number?
True
Is 30956791 a composite number?
True
Is 150680417 composite?
False
Is 202477909 a prime number?
True
Is 4918819 a composite number?
True
Is 57664987 a composite number?
False
Is 63649013 composite?
False
Is 24476563 a composite number?
True
Is 148302683 prime?
False
Is 12048457 a composite number?
False
Is 55770565 composite?
True
Is 1528451 a prime number?
False
Is 11304467 a prime number?
True
Is 144927467 a prime number?
True
Is 703985 a composite number?
True
Is 18876433 a composite number?
False
Is 272093 prime?
True
Is 12885239 a prime number?
False
Is 583207 a composite number?
False
Is 2050861 a prime number?
False
Is 78563 a prime number?
False
Is 11177017 composite?
True
Is 1844813 prime?
True
Is 33767299 prime?
True
Is 5985143 composite?
False
Is 82690649 prime?
True
Is 171079801 prime?
True
Is 33092921 a prime number?
True
Is 52681241 a composite number?
False
Is 122038061 a composite number?
True
Is 2163181 a prime number?
True
Is 419470879 prime?
False
Is 15478691 a composite number?
True
Is 599880209 prime?
True
Is 342923 prime?
False
Is 7807927 a composite number?
False
Is 22647613 a composite number?
False
Is 706303 a composite number?
True
Is 14371649 prime?
True
Is 39898597 a prime number?
True
Is 5241785 a prime number?
False
Is 20959063 a composite number?
True
Is 5381093 a prime number?
True
Is 13108687 a composite number?
False
Is 2168797 composite?
False
Is 9645649 a prime number?
False
Is 5820277 a composite number?
False
Is 308639 prime?
True
Is 9420627 prime?
False
Is 59427067 prime?
False
Is 4403149 composite?
False
Is 275893477 a composite number?
True
Is 946973 a composite number?
True
Is 10451087 a composite number?
True
Is 2503201 prime?
True
Is 795703 a composite number?
False
Is 34914769 prime?
True
Is 3168911 a prime number?
True
Is 419899 composite?
True
Is 5524391 composite?
True
Is 13253683 a prime number?
False
Is 9352067 a composite number?
True
Is 374462599 a prime number?
False
Is 1514701 a composite number?
False
Is 215397571 prime?
True
Is 2808838 prime?
False
Is 447803 a prime number?
False
Is 310304149 a prime number?
True
Is 875395 prime?
False
Is 5391587 prime?
True
Is 3077251 a prime number?
True
Is 10288391 prime?
False
Is 72711757 a prime number?
True
Is 730254029 prime?
False
Is 34918879 a composite number?
False
Is 1726897 a composite number?
False
Is 9661703 composite?
False
Is 8782097 prime?
True
Is 121586707 prime?
False
Is 15152755 a prime number?
False
Is 142607389 prime?
False
Is 10082311 a composite number?
False
Is 11927057 composite?
True
Is 862788526 prime?
False
Is 420506647 composite?
True
Is 2028023 a composite number?
True
Is 38298769 a prime number?
True
Is 2110973 a composite number?
False
Is 10328447 a composite number?
False
Is 23971367 a composite number?
True
Is 14606987 a prime number?
True
Is 7497065 prime?
False
Is 26765977 a prime number?
False
Is 246474511 composite?
False
Is 4005301 composite?
False
Is 265236013 prime?
False
Is 130858501 composite?
False
Is 6672478 a prime number?
False
Is 76957 a composite number?
True
Is 2908361 prime?
True
Is 5444797 prime?
True
Is 5214017 composite?
False
Is 47156897 prime?
False
Is 37791499 prime?
False
Is 47126551 a composite number?
True
Is 519041 a composite number?
True
Is 81745039 a composite number?
False
Is 1881307 prime?
True
Is 16446721 prime?
True
Is 193980466 a composite number?
True
Is 39354047 a prime number?
True
Is 70307479 a prime number?
False
Is 251102141 a prime number?
False
Is 17818331 prime?
False
Is 754181 prime?
True
Is 779347453 composite?
True
Is 177227851 a composite number?
False
Is 10983563 composite?
True
Is 175556135 a composite number?
True
Is 3518573 composite?
False
Is 10016509 prime?
True
Is 3674557 a prime number?
True
Is 3541073 composite?
False
Is 123023539 a composite number?
True
Is 298073 a prime number?
False
Is 158406377 composite?
False
Is 850291 prime?
False
Is 23476553 a prime number?
True
Is 105457 composite?
True
Is 874799 a composite number?
False
Is 11225741 composite?
False
Is 15510647 a composite number?
True
Is 501477 prime?
False
Is 11542567 a composite number?
False
Is 306287 prime?
False
Is 39539573 a composite number?
True
Is 31661759 prime?
False
Is 10378637 a prime number?
True
Is 16159531 a 